 14, what is 483a2 - -6a4?
48a66
In base 12, what is 569629 - -21b?
569848
In base 15, what is 1 + -3018c17?
-3018c16
In base 9, what is -27738 - 17174?
-46023
In base 3, what is 100012201011 + -111?
100012200200
In base 9, what is -2 - -76100850?
76100847
In base 9, what is 1 + -6332732?
-6332731
In base 16, what is 70b70e - 20?
70b6ee
In base 6, what is -1230211 + 114553?
-1111214
In base 6, what is 541 + -101450543?
-101450002
In base 13, what is -20 + 15c11?
15bc1
In base 9, what is 37658 - 608?
37050
In base 8, what is 70520 + -1607?
66711
In base 16, what is 27dc + -a08?
1dd4
In base 16, what is 0 + 107794?
107794
In base 12, what is 1 - 403b4a?
-403b49
In base 6, what is 404550235 - 4?
404550231
In base 11, what is -11 - 65790a3?
-6579104
In base 16, what is 4 + 7e648b?
7e648f
In base 9, what is 376823183 + 4?
376823187
In base 13, what is 7 + -1603802?
-16037c8
In base 14, what is a2 - -2b38a3?
2b3965
In base 6, what is -14540125 - 2211?
-14542340
In base 5, what is -4122440 - -330320?
-3242120
In base 5, what is 230441410034 - -1?
230441410040
In base 5, what is -4323 + -2434223?
-2444101
In base 16, what is 89f7a0 - -1d?
89f7bd
In base 6, what is -3444143 - 11551?
-3500134
In base 6, what is -434201 + 5204?
-424553
In base 14, what is -8d9a8 + 16?
-8d992
In base 11, what is 2433870 + -4?
2433867
In base 4, what is -110223223 - -1313?
-110221310
In base 5, what is -3 - -1424103204?
1424103201
In base 13, what is 0 - -c12ab0?
c12ab0
In base 13, what is -1a - -58a61?
58a44
In base 15, what is 1b491213 + 5?
1b491218
In base 11, what is -6365492 + -124?
-6365606
In base 15, what is 196e7 + -3e?
196a8
In base 6, what is 25553 + 1104101?
1134054
In base 10, what is -1 - 1563401?
-1563402
In base 5, what is -21 - 30443114?
-30443140
In base 2, what is 101 - 100000100100011011001100?
-100000100100011011000111
In base 5, what is -301133 + -33124?
-334312
In base 15, what is -7b5373 + -4?
-7b5377
In base 9, what is -380454 - 43?
-380507
In base 9, what is 60202 - -287?
60500
In base 6, what is 1035133002 - 4?
1035132554
In base 5, what is 222010123 + -1014?
222004104
In base 3, what is 120001122012 - 202?
120001121110
In base 6, what is 1 - -2110014513?
2110014514
In base 12, what is -ba + 264a227?
264a129
In base 3, what is -222022 - 10120011?
-11112110
In base 4, what is 133122100210 + -1221?
133122032323
In base 13, what is -45b4 + 174?
-4440
In base 14, what is -20 + 348c03a?
348c01a
In base 6, what is -2 + 42102140?
42102134
In base 16, what is -2 - 4c5a095?
-4c5a097
In base 3, what is -22010201 - -1100022?
-20210102
In base 8, what is -111 + -15755?
-16066
In base 3, what is 12200101121 + 11?
12200101202
In base 2, what is 1101 - 100101100011010100010000?
-100101100011010100000011
In base 11, what is 23 - -157642?
157665
In base 7, what is 5 - -212413440?
212413445
In base 5, what is 2004014 + -113422?
1340042
In base 8, what is 2544 - -146775?
151541
In base 10, what is -1478263 - -37?
-1478226
In base 4, what is -21030 + 1232320?
1211230
In base 16, what is 5 + -24de02?
-24ddfd
In base 5, what is -421331 + 21044?
-400232
In base 15, what is -3 - 361443?
-361446
In base 13, what is -4 - 2509650?
-2509654
In base 13, what is -11c5c2 + 4c?
-11c573
In base 15, what is -2a9 + b49?
890
In base 11, what is -16988472 - 4?
-16988476
In base 3, what is 1222221122102101 + -11?
1222221122102020
In base 2, what is -101100111 + 1001001110111001?
1001001001010010
In base 12, what is 19b + -3a6074?
-3a5a95
In base 12, what is 298a1 + -72?
2982b
In base 6, what is 1 - 31325502?
-31325501
In base 5, what is 3 - 2123243321?
-2123243313
In base 15, what is -e60210 + 1?
-e6020e
In base 15, what is -3c453c9 - 3?
-3c453cc
In base 16, what is -9 - -1f4429b?
1f44292
In base 7, what is -12024344 + -13?
-12024360
In base 3, what is -10202202 - 111001201?
-121211110
In base 16, what is 3713188 + 0?
3713188
In base 10, what is -158 - -179976?
179818
In base 4, what is 1303 - 11000200330?
-11000133021
In base 13, what is -6cb3539 + 3?
-6cb3536
In base 16, what is 14 + 2f94a9b?
2f94aaf
In base 11, what is 1374956 - 22?
1374934
In base 4, what is 31230 - -3102?
100332
In base 11, what is -17858273 - -3?
-17858270
In base 16, what is 6 - 23a972?
-23a96c
In base 7, what is 606132151 - -2?
606132153
In base 2, what is 1100 - -1101001010010011100?
1101001010010101000
In base 16, what is -24c8be - 4?
-24c8c2
In base 9, what is 11 - 51355524?
-51355513
In base 14, what is -2201 - -1bd5?
-40a
In base 5, what is 2213314110 + 10?
2213314120
In base 16, what is -941fa1 + 0?
-941fa1
In base 11, what is 56662 + -501?
56161
In base 8, what is 203731 + -3124?
200605
In base 7, what is 11 - 50055462?
-50055451
In base 16, what is d0d67 + -54?
d0d13
In base 6, what is 4 + -1302300513?
-1302300505
In base 15, what is 34d - -4821?
4b6e
In base 10, what is -14 - 392179?
-392193
In base 11, what is 3600 + -8840?
-5240
In base 15, what is -5945b + -1d?
-59479
In base 16, what is 2bfbf + 0?
2bfbf
In base 5, what is 141333 - 3414324?
-3222441
In base 10, what is -28624 - 2665?
-31289
In base 12, what is -162863 + 10a?
-162755
In base 8, what is 17 + 144354?
144373
In base 7, what is -3065 - -13550?
10452
In base 9, what is -43 - -64372?
64328
In base 11, what is -3389a64 - 5?
-3389a69
In base 4, what is 10223100331 + -31?
10223100300
In base 9, what is 30 + -235361?
-235331
In base 6, what is 4042 - 323231?
-315145
In base 5, what is -13 + -4331121042?
-4331121110
In base 6, what is -544500104 + 41?
-544500023
In base 6, what is 5151 + 222313?
231504
In base 9, what is -186184233 + 3?
-186184230
In base 9, what is 2 + 47236414?
47236416
In base 10, what is -9 - -28827345?
28827336
In base 6, what is 311443142 - 2?
311443140
In base 4, what is -132 - -3223210?
3223012
In base 7, what is -3 - 552231136?
-552231142
In base 7, what is 1243 - -263625?
265201
In base 5, what is 10402232 + -240?
10401442
In base 14, what is 8 - 488212?
-488208
In base 2, what is -100001110100101010100101100 + -11?
-100001110100101010100101111
In base 8, what is -43 + 312716?
312653
In base 2, what is 111010011000101 + 100000?
111010011100101
In base 2, what is 11101011 - 10000010111010001010?
-10000010110110011111
In base 13, what is -29b00 + 29?
-29aa4
In base 5, what is 40042021100 - 22?
40042021023
In base 15, what is -6640 - -30?
-6610
In base 14, what is 163 + -a920?
-a79b
In base 7, what is -10 - -164222606?
164222566
In base 9, what is -1340 - 227274?
-228624
In base 10, what is -14476772 - -5?
-14476767
In base 7, what is 46 - -125403?
125452
In base 4, what is -332210023 + -1222?
-332211311
In base 16, what is -1202adec + -2?
-1202adee
In base 7, what is -33306021 - 2?
-33306023
In base 5, what is -10 - -100044413142?
100044413132
In base 6, what is 103004125 + -30?
103004055
In base 13, what is -2 - -92a204?
92a202
In base 4, what is 201 + -101330020?
-101323213
In base 11, what is -1480070 - 5?
-1480075
In base 15, what is 3a806 - 30?
3a7c6
In base 7, what is -1066 + -1105244?
-1106343
In base 14, what is 6c784 + -8?
6c77a
In base 5, what is 11433 + 4114431?
4131414
In base 12, what is -15b3 - -38620?
37029
In base 13, what is -1b - -52c63?
52c45
In base 2, what is -10011011 + -110011000111011111000?
-110011000111110010011
In base 4, what is 1221 - 31311303?
-31310022
In base 2, what is 11010110011101000 - -1011001001011?
11100001100110011
In base 5, what is 141 + -111312304?
-111312113
In base 6, what is -1 + -102443210?
-102443211
In base 13, what is 10b - 8b9b6?
-8b8a8
In base 12, what is 20 - 74a3213?
-74a31b3
In base 14, what is 12063 + 389?
1240c
In base 11, what is 12a999 + -3a?
12a95a
In base 13, what is -95b + -130?
-a8b
In base 6, what is 52 + -3531314?
-3531222
In base 9, what is -36132 + -1305?
-37437
In base 5, what is -11102131 - 210?
-11102341
In base 11, what is 928a94 - -5?
928a99
In base 3, what is -1 - -20001020021?
20001020020
In base 11, what is -5242 - 611?
-5853
In base 9, what is -3 + -1138775678?
-1138775682
In base 14, what is 379 - 15b0a?
-15771
In base 15, what is -345387 + 2e?
-345358
In base 10, what is 7 + 1014934?
1014941
In base 3, what is 2011011220120021 + -2?
2011011220120012
In base 12, what is -6645013 + 3?
-6645010
In base 12, what is -518 + -43673?
-43b8b
In 